{"id":460,"date":"2018-03-09T10:05:01","date_gmt":"2018-03-09T03:05:01","guid":{"rendered":"http:\/\/induckhanh.com\/?post_type=product&#038;p=460"},"modified":"2018-03-09T14:41:15","modified_gmt":"2018-03-09T07:41:15","slug":"in-card-visit-01","status":"publish","type":"product","link":"https:\/\/c373-induckhanh.com-vn.net\/?product=in-card-visit-01","title":{"rendered":"In card visit 01"},"content":{"rendered":"<h1 class=\"tlt_newsdt\"><strong style=\"font-size: 16px;\">In card visit, In name card\u00a0nhanh ch\u00f3ng\u00a0chuy\u00ean nghi\u1ec7p\u00a0\u1edf t\u1ea1i H\u00e0 N\u1ed9i<\/strong><\/h1>\n<div class=\"content_newsdt\">\n<p>C\u00f4ng ty doanh nghi\u1ec7p b\u1ea1n\u00a0\u0111ang c\u00f3 nhu c\u1ea7u\u00a0<strong>thi\u1ebft k\u1ebf\u00a0in card visit<\/strong>\u00a0cho c\u00e1n b\u1ed9 nh\u00e2n vi\u00ean\u00a0c\u00f4ng ty\u00a0hay cho c\u00e1 nh\u00e2n m\u00ecnh? H\u00e3y tham kh\u1ea3o b\u00e0i vi\u1ebft v\u1ec1 d\u1ecbch v\u1ee5 in Card visit c\u1ee7a In H\u1ea1o Nam ch\u00fang t\u00f4i.<\/p>\n<p>Ch\u1ec9 c\u1ea7n g\u00f5 t\u1eeb kho\u00e1 ki\u1ebfm t\u00ecm\u00a0<strong>in card visit, in danh thi\u1ebfp\u00a0<\/strong>l\u00e0 b\u1ea1n c\u00f3 th\u1ec3 t\u00ecm \u0111\u01b0\u1ee3c kh\u00e1 nhi\u1ec1u doanh nghi\u1ec7p in card visit t\u1ea1i H\u00e0 N\u1ed9i. Tuy nhi\u00ean m\u1ed9t doanh nghi\u1ec7p in \u1ea5n chuy\u00ean nghi\u1ec7p \u0111i c\u00f9ng m\u1ee9c gi\u00e1 ph\u1ea3i ch\u0103ng th\u00ec kh\u00f4ng ph\u1ea3i d\u1ec5 d\u00e0ng.<\/p>\n<p>\u0110\u1ec3 \u0111em l\u1ea1i cho kh\u00e1ch h\u00e0ng nh\u1eefng s\u1ea3n ph\u1ea9m ch\u1ea5t l\u01b0\u1ee3ng nh\u1ea5t ch\u00fang t\u00f4i lu\u00f4n b\u00e1m s\u00e1t quy tr\u00ecnh thi\u1ebft k\u1ebf in \u1ea5n v\u00e0 ki\u1ec3m tra ch\u1ea5t lu\u1ecdng theo m\u1ed9t m\u00f4 h\u00ecnh kh\u00e9p k\u00edn. T\u1eeb \u0111\u00f3 c\u00f3 th\u1ec3 r\u00fat ng\u1eafn th\u1eddi gian in \u1ea5n c\u0169ng nh\u01b0 nh\u1eefng chi ph\u00ed ph\u00e1t sinh ngo\u00e0i \u00fd mu\u1ed1n. Ki\u1ec3m tra h\u00e0ng h\u00f3a, \u0111\u1ea3m b\u1ea3o ch\u1ea5t l\u01b0\u1ee3ng cho m\u1ed7i s\u1ea3n ph\u1ea9m tr\u01b0\u1edbc khi xu\u1ea5t x\u01b0\u1edfng v\u00e0 giao h\u00e0ng.<\/p>\n<p><img loading=\"lazy\" class=\"aligncenter size-full wp-image-499\" src=\"http:\/\/induckhanh.com\/wp-content\/uploads\/2018\/03\/8-2.jpg\" alt=\"\" width=\"800\" height=\"533\" srcset=\"https:\/\/c373-induckhanh.com-vn.net\/wp-content\/uploads\/2018\/03\/8-2.jpg 800w, https:\/\/c373-induckhanh.com-vn.net\/wp-content\/uploads\/2018\/03\/8-2-300x200.jpg 300w, https:\/\/c373-induckhanh.com-vn.net\/wp-content\/uploads\/2018\/03\/8-2-768x512.jpg 768w, https:\/\/c373-induckhanh.com-vn.net\/wp-content\/uploads\/2018\/03\/8-2-600x400.jpg 600w\" sizes=\"(max-width: 800px) 100vw, 800px\" \/><\/p>\n<h3>Thi\u1ebft k\u1ebf in card visit, danh thi\u1ebfp h\u00e0ng \u0111\u1ea7u t\u1ea1i H\u00e0 N\u1ed9i<\/h3>\n<p>V\u1edbi chuy\u00ean m\u00f4n c\u00e1 nh\u00e2n cao trong l\u0129nh v\u1ef1c thi\u1ebft k\u1ebf, th\u00f4ng th\u1ea1o c\u00e1c ph\u1ea7n m\u1ec1m \u0111\u1ed3 h\u1ecda nh\u01b0 Corel, Illustration, Photoshop&#8230; ti\u1ebfp x\u00fac v\u1edbi c\u00e1c d\u00f2ng thi\u1ebft k\u1ebf m\u1edbi l\u1ea1 \u0111\u1ed9c \u0111\u00e1o tr\u00ean th\u1ebf gi\u1edbi. Ch\u00fang t\u00f4i s\u1ebd mang \u0111\u1ebfn cho b\u1ea1n nh\u1eefng s\u1ea3n ph\u1ea9m thi\u1ebft k\u1ebf \u1ea5n t\u01b0\u1ee3ng v\u00e0 chuy\u00ean nghi\u1ec7p nh\u1ea5t, mang phong c\u00e1ch c\u1ee7a ngh\u00e0nh cung nh\u01b0 b\u1ea3n s\u1eafc th\u01b0\u01a1ng hi\u1ec7u b\u1ea1n<\/p>\n<p>L\u1ef1a ch\u1ecdn c\u00e1c d\u00f2ng gi\u1ea5y C c\u00f3 \u0111\u1ed9 d\u00e0y l\u1edbn t\u1eeb\u00a0150 &#8211; 250, \u0111\u1ea3m b\u1ea3o \u0111\u1ed9 c\u1ee9ng c\u00fang nh\u01b0 ch\u1ea5t l\u01b0\u1ee3ng. C\u00f4ng ngh\u1ec7 c\u00e1n m\u00e0ng s\u1ea3n ph\u1ea9m sau qu\u00e1 tr\u00ecnh in \u0111em \u0111\u1ebfn \u0111\u1ed9 b\u1ec1n, ch\u1ed1ng n\u01b0\u1edbc, b\u1ea3m b\u1ee5i c\u0169ng nh\u01b0 bay m\u1ef1c theo th\u1eddi gian. \u0110\u1ed1i v\u1edbi nh\u1eefng kh\u00e1ch h\u00e0ng y\u00eau c\u1ea7u lo\u1ea1i card c\u00f3 ch\u1ea5t l\u01b0\u1ee3ng cao c\u1ea5p th\u00ec b\u1ea1n n\u00ean d\u00f9ng c\u00e1c lo\u1ea1i gi\u1ea5y m\u1ef9 thu\u1eadt, gi\u1ea5y nh\u1eadp kh\u1ea9u \u0111\u1ec3 \u0111\u1ea1t hi\u1ec7u qu\u1ea3 cao nh\u1ea5t.<\/p>\n<p><img loading=\"lazy\" class=\"aligncenter size-full wp-image-500\" src=\"http:\/\/induckhanh.com\/wp-content\/uploads\/2018\/03\/9-1.jpg\" alt=\"\" width=\"610\" height=\"400\" srcset=\"https:\/\/c373-induckhanh.com-vn.net\/wp-content\/uploads\/2018\/03\/9-1.jpg 610w, https:\/\/c373-induckhanh.com-vn.net\/wp-content\/uploads\/2018\/03\/9-1-300x197.jpg 300w, https:\/\/c373-induckhanh.com-vn.net\/wp-content\/uploads\/2018\/03\/9-1-600x393.jpg 600w\" sizes=\"(max-width: 610px) 100vw, 610px\" \/><\/p>\n<\/div>\n<p>&nbsp;<\/p>\n<div class=\"content_newsdt\">\n<p>Quy tr\u00ecnh in \u0111\u01b0\u1ee3c th\u1ef1c hi\u1ec7n t\u1ef1 \u0111\u1ed9ng tr\u00ean m\u00e1y in Offset s\u1ed1 l\u01b0\u1ee3ng l\u1edbn gi\u00e1 r\u1ebb, ho\u1eb7c m\u00e1y in k\u1ef9 thu\u1eadt s\u1ed1 nhanh ch\u00f3ng nh\u01b0ng chi ph\u00ed cao h\u01a1n m\u1ed9t ch\u00fat.<\/p>\n<\/div>\n<p style=\"text-align: center;\"><span style=\"color: #0000ff;\"><em><strong><span class=\"text_exposed_show\">\u00a0<\/span><\/strong><\/em><\/span><strong>\u00a0<span style=\"color: #ff6600;\">H\u00c3Y G\u1eccI NGAY CHO CH\u00daNG T\u00d4I<\/span><\/strong><\/p>\n<p style=\"text-align: center;\"><span style=\"font-size: 18pt; color: #ff0000;\"><strong>Gi\u00e1 T\u1ed1t \u2013\u00a0T\u01b0 V\u1ea5n Mi\u1ec5n Ph\u00ed\u00a0&#8211; Hotline: 0971 979 596<\/strong><\/span><\/p>\n<p>&nbsp;<\/p>\n<h3 class=\"widget-title\" style=\"text-align: center;\"><span style=\"color: #0000ff;\">C\u00d4NG TY CP \u0110\u1ea6U T\u01af X\u00c2Y D\u1ef0NG V\u00c0 TH\u01af\u01a0NG M\u1ea0I \u0110\u1ee8C KH\u00c1NH<\/span><\/h3>\n<div class=\"textwidget\">\n<p style=\"text-align: center;\"><span style=\"color: #008000;\">\u0110C: T\u1ea7ng 5, khu v\u0103n ph\u00f2ng T\u00f2a A, t\u00f2a nh\u00e0 Imperia Garden, s\u1ed1 203 Nguy\u1ec5n Huy T\u01b0\u1edfng, Thanh Xu\u00e2n,H\u00e0 N\u1ed9i<\/span><\/p>\n<p style=\"text-align: center;\"><span style=\"color: #008000;\">X\u01b0\u1edfng SX: 640 Tr\u1ea7n Q\u00fay C\u00e1p, \u0110\u1ed1ng \u0110a, H\u00e0 N\u1ed9i<\/span><\/p>\n<p style=\"text-align: center;\"><span style=\"color: #008000;\">Email: xuonginduckhanh@gmail.com<\/span><\/p>\n<\/div>\n","protected":false},"excerpt":{"rendered":"<h1 class=\"text-center\" style=\"text-align: left;\"><span style=\"font-size: 14pt;\">In catalo \u0110\u1ee9c Kh\u00e1nh \u0111\u01b0\u1ee3c nhi\u1ec1u \u0111\u01a1n v\u1ecb l\u1ef1a ch\u1ecdn v\u1edbi nh\u1eefng \u0111i\u1ec3m t\u1ed1i \u01b0u:<\/span><\/h1>\n<ul style=\"list-style-type: square;\">\n<li><span style=\"font-size: 12pt;\">In \u1ea5n tr\u1ef1c ti\u1ebfp t\u1ea1i x\u01b0\u1edfng kh\u00f4ng qua trung gian<\/span><\/li>\n<li><span style=\"font-size: 12pt;\">In catalo l\u1ea5y ngay \u0111\u00e1p \u1ee9ng m\u1ecdi \u0111\u01a1n h\u00e0ng g\u1ea5p<\/span><\/li>\n<li><span style=\"font-size: 12pt;\">C\u00f4ng ngh\u1ec7 in \u1ea5n gia c\u00f4ng hi\u1ec7n \u0111\u1ea1i, 100% KH h\u00e0i l\u00f2ng<\/span><\/li>\n<li><span style=\"font-size: 12pt;\">\u01afu \u0111\u00e3i h\u1ee3p \u0111\u1ed3ng in catalo sign l\u1edbn<strong><span style=\"color: #ff0000;\">( tri\u1ebft kh\u1ea5u %)<\/span><\/strong><\/span><\/li>\n<\/ul>\n","protected":false},"featured_media":499,"comment_status":"open","ping_status":"closed","template":"","meta":[],"_links":{"self":[{"href":"https:\/\/c373-induckhanh.com-vn.net\/index.php?rest_route=\/wp\/v2\/product\/460"}],"collection":[{"href":"https:\/\/c373-induckhanh.com-vn.net\/index.php?rest_route=\/wp\/v2\/product"}],"about":[{"href":"https:\/\/c373-induckhanh.com-vn.net\/index.php?rest_route=\/wp\/v2\/types\/product"}],"replies":[{"embeddable":true,"href":"https:\/\/c373-induckhanh.com-vn.net\/index.php?rest_route=%2Fwp%2Fv2%2Fcomments&post=460"}],"wp:featuredmedia":[{"embeddable":true,"href":"https:\/\/c373-induckhanh.com-vn.net\/index.php?rest_route=\/wp\/v2\/media\/499"}],"wp:attachment":[{"href":"https:\/\/c373-induckhanh.com-vn.net\/index.php?rest_route=%2Fwp%2Fv2%2Fmedia&parent=460"}],"curies":[{"name":"wp","href":"https:\/\/api.w.org\/{rel}","templated":true}]}}